17 - 4*u. Let p = -26 + 36. Suppose 0 = d + d + p. Give c(d).
1
Let k(i) = -i**2 - i - 2. Let g be 1/((-10)/36)*-5. Let z = 18 - g. Determine k(z).
-2
Let q = 0 + -2. Let a(f) = -f - 1. Let v(h) = -4*h - 5. Let g(z) = q*a(z) + v(z). Determine g(-5).
7
Let b = 11 + -8. Let m(c) = c - 2*c**2 + c**2 + 3*c**b + 0*c**3 + 2 - 2*c**3. Calculate m(2).
8
Let w(y) = -4*y + 5*y - 8 + 11. Let m = -6 - -16. Suppose 2*g + 0*g + m = 0. Determine w(g).
-2
Suppose 0 = -3*i - 12. Let o be (-2)/8 - 9/i. Let k(x) = -x**o - 2*x - x**3 - x**2 - 1 - x**2 - x**3. What is k(-2)?
7
Let u = 7 - 9. Let g(l) = 11*l - 5. Let q(w) = -27*w + 12. Suppose 3*r + 12 = -3. Let d(p) = r*q(p) - 12*g(p). What is d(u)?
-6
Let k be (-1 + 2)*(4 + 0). Suppose -k = -4*s + 8. Suppose z + s = -0. Let p(y) = y**2 + y - 4. Calculate p(z).
2
Let s(m) = -m**3 + 3*m**2 + 2*m - 1. Let b be (-3 + -4)/((-1)/1). Let o = b + -4. Give s(o).
5
Suppose 0 = x + 2*q + 2, 5*x - 4*q = x + 28. Let t(p) = p**2 - 6*p + 1. What is t(x)?
-7
Let c(a) = -3*a. Let v = 7 - 1. Suppose 0 = 4*m - 5*d - 22, 2*m - d - 2 = v. Give c(m).
-9
Let p be (-8)/(-12)*9/2. Let v be -1 - (-2)/4*10. Let h(l) = -3 - 2*l**2 + v*l + 7 - p. Determine h(3).
-5
Let m(u) = -u**2 + 5*u - 8. Let i(a) = 3*a**2 - 15*a + 23. Let t(h) = 6*i(h) + 17*m(h). What is t(4)?
-2
Let z(k) = 7*k + 0 + 5 - 1. Let x(c) = -2*c**2 + 4*c - 3. Let f be x(2). Let s(o) = -7*o - 5. Let d(h) = f*s(h) - 4*z(h). Give d(-1).
6
Let i be -3*(-4)/2*(-8)/8. Let x(u) = u**2 + 5*u - 4. Give x(i).
2
Let c be 4/(-16) - (38/8 - 2). Let t(g) be the third derivative of 1/20*g**5 + 1/120*g**6 + g**2 - 1/6*g**3 + 0*g + 0 + 1/24*g**4. Give t(c).
-4
Let s(z) = z**2 - 6*z - 1. Let o be s(6). Let k be o + 4 + (2 - 0). Let v(m) = -m**3 + 4*m**2 + 5*m - 2. Give v(k).
-2
Suppose -x = -2*p + 26, -2*x = p - 0*x - 8. Suppose 4*k + 2*c = p, -3*c - 9 = -3*k - 0*k. Let q(d) = 3*d - k*d + d. Determine q(2).
2
Let a be 6/4*12/9. Let i(r) = -r**2 + 3*r - 5. Let j(c) = -c**2 + 3*c - 4. Let o(h) = -3*i(h) + 4*j(h). Let t(u) be the first derivative of o(u). What is t(a)?
-1
Suppose v - 3*v = 0. Suppose 3*c - 18 = 3*m, v*m - 4*c = -5*m - 28. Let o(b) = b**2 + 6*b + 3. Give o(m).
-5
Let f(k) = -k**3 + 4*k**2 + 6*k - 2. Let n(o) be the first derivative of -o**4/4 - 5*o**3/3 - 5*o**2/2 + o - 2. Let x be n(-4). What is f(x)?
3
Suppose 10 + 8 = 3*m. Let x be ((-6)/(-2))/(9/m). Let c(a) be the first derivative of -a**4/4 - a**3/3 + 3*a**2/2 - a + 7. What is c(x)?
-7
Suppose d - 1 = 1. Suppose 0 = -2*c - 4 - d. Let l(f) be the third derivative of f**4/12 - f**3/6 - 4*f**2. Give l(c).
-7
Let r be 1/(-18)*-58 - 4/18. Let y(v) be the third derivative of -1/3*v**r + 1/6*v**4 + 1/60*v**5 + 3*v**2 + 0*v + 0. Determine y(-4).
-2
Let r(d) be the second derivative of d**5/20 - d**4/4 + d**3/3 + d**2 + 7*d - 1. Calculate r(3).
8
Let h(y) be the first derivative of 2*y**3/3 - 3*y**2/2 - 3*y - 47. Calculate h(3).
6
Let m be 13/3 + 3/(-9). Let o(x) = 2*x**3 - 3*x - 19*x**2 + 9 - x + 0*x**2. Let k(s) = -s**3 + 9*s**2 + 2*s - 4. Let n(v) = -13*k(v) - 6*o(v). Determine n(m).
6
Let m(b) = -35*b**3 + 4*b + 6*b**2 + 0*b**2 + 8 + 36*b**3. Calculate m(-6).
-16
Suppose 4*s + 10 = 2. Let w(q) = -6*q + 5. Let i(v) = 11*v - 9. Let d(p) = -3*i(p) - 5*w(p). What is d(s)?
8
Let c(m) = 3*m - 2. Suppose -t - 4*x + 1 + 1 = 0, -4*t + x + 8 = 0. Determine c(t).
4
Let i(y) = 4*y**2 - 5*y + 4. Let t(k) = 4*k**2 - 6*k + 5. Let u(h) = 6*i(h) - 5*t(h). Let v be u(1). Let w(c) = -3 + v + 3*c + 2 - 5*c. Give w(4).
-6
Let u(k) = -k - 10. Let n be u(-10). Suppose c + 3*c - 8 = -3*p, 3*c = 4*p + 6. Let y(j) = 5 + p*j - j - j**2 + 0*j**2. What is y(n)?
5
Let w = 2 + -8. Let x(o) be the second derivative of o**3/6 + 5*o**2/2 + 4*o. What is x(w)?
-1
Let i(u) = 2*u**2 + 2*u. Let n(p) = p**2 - 7*p + 7. Let k be n(6). Suppose -3 = 2*y + k. Determine i(y).
4
Let l(j) = 4 - 21 - j + 14. Calculate l(-7).
4
Let b(r) = r**3 + 5*r**2 + 2*r. Let f be b(-3). Let h = f + -12. Let m(g) = -g**3 + g + 10. Calculate m(h).
10
Suppose 3*v = v + 8. Suppose 0 = -0*k - 4*k - v. Let n(o) = o**2 + 2*o - 4. Let b(y) = -y**2 - 1. Let q(x) = -5*b(x) + n(x). Determine q(k).
5
Suppose -2*q - 2 = -3*p + 7, -6 = -q - 2*p. Let u(j) = 3*j - 3*j - j**2 + q + 3. Calculate u(-3).
-6
Let o(b) = -b. Let h(c) = 4*c**2 - 1. Let q be h(-1). Suppose 3*w + 19 - 7 = -3*y, -q*w = -4*y - 9. Give o(y).
3
Let r(l) = l**3 + 2*l**2. Suppose 4*z = -3*g - 4, z + 1 = -g - 0. Give r(z).
1
Let a(q) = q**2 + 2*q + 2. Suppose 2*n + 12 = -0*n. Let b be 0*3/n + -3. Determine a(b).
5
Let i(p) = -p**3 + 11*p**2 + 1. Let x = 21 + -10. Let b be i(x). Let q(d) = 2*d**3 + 2*d**2 - d. Calculate q(b).
3
Let d(a) = -13 + 44*a - 15*a - 2*a**2 + a**2 - 19*a. Let s be d(9). Let t(j) = -3*j**2 - 4*j - 3. Let w(r) = -r**2 - r. Let l(x) = t(x) - 2*w(x). What is l(s)?
-11
Let y(d) = -5*d**3 + d. Suppose 3*i = 13*i + 10. What is y(i)?
4
Let z(l) be the first derivative of -13 + 16 - l**2 + 0*l**2 + 2*l. Calculate z(-3).
8
Let v(x) be the third derivative of x**6/120 - x**5/10 + 5*x**4/24 - x**3 + x**2. What is v(5)?
-6
Let c(k) = 5*k**2 - 5*k - 2. Let j(r) be the first derivative of 3*r**3 - 9*r**2/2 - 3*r + 5. Let g(z) = -11*c(z) + 6*j(z). What is g(4)?
-8
Let p be 1/(14/5 + -3). Let y(j) = -j**3 - 4*j**2 + 4*j - 4. Give y(p).
1
Let b(k) = k**2 - k - 1. Let j be b(-2). Let r(z) = -15*z + 37. Let m(s) = 7*s - 18. Let u(t) = 13*m(t) + 6*r(t). Calculate u(j).
-7
Let m = -5 + 8. Let x = 3 - m. Let d(j) = j**2 + 6. Give d(x).
6
Let m(l) = -6*l**2 - 3*l + 1. Let y(i) be the first derivative of 7*i**3/3 + 2*i**2 - 2*i - 3. Let c(s) = 3*m(s) + 2*y(s). Calculate c(-1).
-4
Let v(u) = 5*u**2 + u. Let f(r) = -2*r**3 + r**2 - 1. Let y be f(-1). What is v(y)?
22
Let w = 38 + -41. Suppose l + v = 2, 3*l - 2*v = -3 - 1. Let u(c) = -3 + c**2 + l*c**2 + 2*c + 2. Give u(w).
2
Let w(z) = -3*z**2 - 3*z + 5. Let t(l) = -3 - 1 + 4*l**2 + l - 2 + 3*l. Let r(g) = -2*t(g) - 3*w(g). Give r(0).
-3
Let w(z) be the first derivative of 5/2*z**2 - 1/4*z**4 - 5 - 4*z - 4/3*z**3. Give w(-5).
-4
Let a(n) be the third derivative of -n**5/60 + n**4/3 - n**3/3 + 70*n**2. What is a(6)?
10
Let s = -7 - -10. Suppose -5*z + 20 = -f, 1 = z - 3*f - s. Suppose -z = 5*l - 3*l. Let v(q) = -3*q. Determine v(l).
6
Let i(z) = 8*z**2 - 13*z - 5. Let b = 14 + -8. Let l(u) = 7*u**2 - 12*u - 4. Let f(r) = b*i(r) - 7*l(r). What is f(4)?
6
Let y(v) = -2*v + 1. Let x be y(-1). Let z(w) be the first derivative of -w**3/3 + w**2 - 3*w + 5. Determine z(x).
-6
Suppose -3*b - 2*q + 3 = q, 5*q = b - 1. Let a(r) = -2*r - 2*r - r + b - 5*r. What is a(1)?
-9
Suppose q - 4 = -q. Let j = q + -6. Let w(y) = y**2 - 2*y**2 + 1 - 4*y + 0. What is w(j)?
1
Let r(u) = 4*u**2 - 3*u + 1. Suppose 2*m - 24 = -3*s + 3*m, -4*s + 5*m = -43. Let t = s + -5. Give r(t).
11
Let k(n) = 10*n**2 - 2*n + 8*n - 11*n**2 + 3 - 2*n. Give k(3).
6
Let b(h) = h**3 + 10*h**2 + 7*h - 13. Let c be b(-9). Let x(m) = 2*m + 1 - 4*m**2 + 2*m + c*m**2 - m. Calculate x(-3).
1
Let x(w) = -28*w**2 + w. Let i be x(1). Let k be ((-9)/i)/((-1)/3). Let f(s) = 8*s + 1. Give f(k).
-7
Let d(o) = -3 + 2 - o**3 - 9. What is d(0)?
-10
Let a(i) = -3*i**3 + 4*i**2 - i. Suppose 3*f + 2*d = 3*d + 8, 2*f - 3*d = 10. Let s(h) = -7*h**3 + 8*h**2 - 2*h. Let n(u) = f*s(u) - 5*a(u). Calculate n(4).
4
Let c(p) = -10*p + 28. Let u(l) = -3*l + 9. Let y(q) = -2*c(q) + 7*u(q). Give y(-6).
13
Let c(s) = 7*s - 8. Let l(r) = -3*r + 4. Let w(m) = -4*c(m) - 9*l(m). Suppose 2*u + 4*o - 28 = 0, -6*o - 55 = -5*u - o. Let b = 7 - u. Give w(b).
1
Suppose -2*r + 3*r - 3 = 0. Let i(l) = l**3 - l**2 - 4*l + 3. Calculate i(r).
9
Let h(f) = 2*f**3 - 2*f**2 - f + 1. Let s = 5 + -4. Let g be 4 + s + (-9)/3. What is h(g)?
7
Let g(c) be the third derivative of -2*c**5/15 + c**2. Suppose 16*w - 15*w = 2*p - 9, -3*p + 17 = 2*w. Determine g(w).
-8
Suppose 4*b = -0*b + 12. Suppose -7 + 4 = -b*x. Let w(m) be the first derivative of 3*m**2/2 - m + 61. What is w(x)?
2
Let y(s) be the first derivative of -s**3/3 + 9*s**2/2 - 3*s + 34. Give y(6).
15
Let y be ((-1)/(-2))/((-4)/8). Let b(g) = -15*g**3 + g + 1. Calculate b(y).
15
Let c(k) = -5*k - 4. Let f(p) = 5*p + 3. Let a(n) = -4*c(n) - 5*f(n). What is a(2)?
-9
Let f(u) = -u**2 - u. Suppose 4*k - 7 - 5 = 0, k = -4*i + 23. Sup